{"id":2,"date":"2009-01-31T12:29:10","date_gmt":"2009-01-31T11:29:10","guid":{"rendered":"http:\/\/bossefoto.se\/\/wordpress\/?page_id=2"},"modified":"2016-01-19T10:36:52","modified_gmt":"2016-01-19T09:36:52","slug":"about","status":"publish","type":"page","link":"https:\/\/bossefoto.se\/wordpress\/?page_id=2","title":{"rendered":"Om Bossefoto."},"content":{"rendered":"<p>Jag \u00e4r en frilandsfotograf som i huvudsak fotograferar uppdrag inom portr\u00e4tt och landskap och d\u00e4r jag v\u00e4nder mig b\u00e5de till privatpersoner och f\u00f6retag\/organisationer. Sedan ett par \u00e5r tillbaka driver jag en enskild firma och som jag kort och g\u00e5tt marknadsf\u00f6r som bossefoto.se. Jag har d\u00e4rmed F-skatt.<\/p>\n<p>Det som jag oftast anlitas till, och som jag finner v\u00e4ldigt stor gl\u00e4dje i, \u00e4r som barn- och familjefotograf. Kan erbjuda b\u00e5de klassiska studio portr\u00e4tt (vi kan tr\u00e4ffas antingen hemma hos mig eller hemma hos dig som kund) och fotografering utomhus. En personlig favorit plats f\u00f6r mig \u00e4r stranden ner i Vilsh\u00e4rad som bjuder p\u00e5 varierande milj\u00f6er med som alltid ramars in av vacker natur. M\u00e5nga av mina bilder \u00e4r fotograferade h\u00e4r och som kunderna har uppskattat v\u00e4ldigt mycket. Men \u00e4ven specifika \u00f6nskem\u00e5l om plats f\u00f6r fotograferingen f\u00f6rs\u00f6ker jag tillgodo se i mesta m\u00f6jliga m\u00e5n.<\/p>\n<p>Jag \u00e5tar mig br\u00f6llopsfotografering och d\u00e4r jag kan erbjuda f\u00f6rm\u00e5nliga paket. F\u00f6r n\u00e4rmare information om priser e t c se p\u00e5 \u201dPrislista\u201d.<\/p>\n<p>Jag hoppas att du ska finna mina tj\u00e4nster intressanta att anlita. Kontakta mig p\u00e5 bosse(at)bossefoto.se eller 0738-289567 f\u00f6r ett f\u00f6ruts\u00e4ttningsl\u00f6st m\u00f6te.<\/p>\n<p>B\u00e4sta h\u00e4lsningar<\/p>\n<p>Bosse<\/p>\n<p>Mina senaste Blogg inl\u00e4gg:<\/p>\n<p><img decoding=\"async\" id=\"pp-grid-article_1434814157\" class=\"pp-grid-placeholder pp-grid-type-recent_posts\" style=\"display: none;\" src=\"https:\/\/prophoto.s3.amazonaws.com\/img\/pp-grid-placeholder-recent_posts.jpg\" alt=\"\" \/><\/p>\n","protected":false},"excerpt":{"rendered":"<p>Jag \u00e4r en frilandsfotograf som i huvudsak fotograferar uppdrag inom portr\u00e4tt och landskap och d\u00e4r jag v\u00e4nder mig b\u00e5de till privatpersoner och f\u00f6retag\/organisationer. Sedan ett par \u00e5r tillbaka driver jag en enskild firma och som jag kort och g\u00e5tt marknadsf\u00f6r som bossefoto.se. Jag har d\u00e4rmed F-skatt. Det som jag oftast anlitas till, och som jag [&hellip;]<\/p>\n","protected":false},"author":3,"featured_media":0,"parent":0,"menu_order":0,"comment_status":"closed","ping_status":"open","template":"","meta":[],"_links":{"self":[{"href":"https:\/\/bossefoto.se\/wordpress\/index.php?rest_route=\/wp\/v2\/pages\/2"}],"collection":[{"href":"https:\/\/bossefoto.se\/wordpress\/index.php?rest_route=\/wp\/v2\/pages"}],"about":[{"href":"https:\/\/bossefoto.se\/wordpress\/index.php?rest_route=\/wp\/v2\/types\/page"}],"author":[{"embeddable":true,"href":"https:\/\/bossefoto.se\/wordpress\/index.php?rest_route=\/wp\/v2\/users\/3"}],"replies":[{"embeddable":true,"href":"https:\/\/bossefoto.se\/wordpress\/index.php?rest_route=%2Fwp%2Fv2%2Fcomments&post=2"}],"version-history":[{"count":5,"href":"https:\/\/bossefoto.se\/wordpress\/index.php?rest_route=\/wp\/v2\/pages\/2\/revisions"}],"predecessor-version":[{"id":2579,"href":"https:\/\/bossefoto.se\/wordpress\/index.php?rest_route=\/wp\/v2\/pages\/2\/revisions\/2579"}],"wp:attachment":[{"href":"https:\/\/bossefoto.se\/wordpress\/index.php?rest_route=%2Fwp%2Fv2%2Fmedia&parent=2"}],"curies":[{"name":"wp","href":"https:\/\/api.w.org\/{rel}","templated":true}]}}